
-6
Evaluate (1 - 0) + 6 + -6.
1
What is -20 + 4 + 10 - 1?
-7
What is -8 + (8 - (6 + (0 - 2)))?
-4
What is the value of -1 + (9 - 1) + -12?
-5
What is 7 - (0 - -4 - -2)?
1
Evaluate -2 - -5 - 9 - 2.
-8
What is the value of -2 + (0 - -2) + (0 - 0)?
0
-7 - -5 - (-1 - -1)
-2
Calculate (0 - -4) + 7 + -17 + 8.
2
What is the value of 1 + -7 + 1 - (14 + -11)?
-8
Calculate (0 - 1) + 2 + 3.
4
Calculate (2 - (4 + 1)) + 9.
6
Calculate 0 + (-6 - -1) + 5.
0
What is -2 + -2 + 3 + -1?
-2
-1 - -6 - 3 - 5
-3
Evaluate 31 - 26 - (5 - 1).
1
What is the value of -7 - ((-2 - -10) + (1 - 8))?
-8
What is the value of 6 - 16 - (3 + (-7 - -4))?
-10
What is (-61 - -59) + 6 + (1 - 3)?
2
What is 1 - -14 - ((11 - 16) + 9)?
11
Evaluate -4 - (4 - 9) - 6.
-5
What is -5 - -11 - (3 - (1 + 1))?
5
Calculate -8 - -3 - (-81 - -72).
4
What is -4 + 5 + (10 - 7) - -4?
8
Calculate (3 - 6) + 2 - 1.
-2
Calculate (0 - -1) + (63 - 60).
4
-9 + (-8 - -12) - 0
-5
2 - (-7 - -5 - (-1 - -2))
5
5 + (-3 - -3 - (0 - 0))
5
Evaluate -1 - (4 - (-10 - -22)).
7
Calculate -9 + 4 + 8 + -9.
-6
What is the value of 10 - 18 - (-6 + 0)?
-2
Evaluate 11 + -14 + -3 + 1.
-5
What is the value of 0 + 1 + (-1 - 2) + 3?
1
Evaluate (-1 - -2) + 0 + (-4 - -5).
2
What is 2 - (2 + 1) - (-5 + -3)?
7
What is 1 - (-2 + (0 - -5) + 0)?
-2
Calculate -12 - -9 - (3 - 1).
-5
(-1 - -4) + -8 - -2
-3
Calculate (5 - 5) + 0 - -3.
3
-2 + 2 - (2 + 1 - 0)
-3
What is the value of -2 + (-1 - -1) + 10 + -7?
1
Evaluate 0 + 5 + -2 + (-1 - -3).
5
(-3 - -1) + (-16 + 1 - -12)
-5
Calculate -5 + (-16 - -22 - (4 + -1)).
-2
Evaluate (-5 - (2 - 8)) + 5.
6
What is 0 + 3 + 1 - 2?
2
(-2 - 3) + -2 + -2 + 3
-6
What is 11 - (5 - 5 - -6) - -1?
6
Evaluate -4 + (-2 - (2 + -7)) + -4.
-5
(-5 - -2) + (2 - (2 - -2))
-5
Evaluate -1 - (-4 - 5 - -16).
-8
Calculate (6 - -1 - (3 - -1)) + -8.
-5
What is (-3 - (6 + -5)) + 5 + 6?
7
(9 - 7 - 17) + 5 - -3
-7
(-6 - (7 - (11 + 3))) + -11
-10
Evaluate -2 + -4 + 2 + -8 + 10.
-2
What is the value of -2 + (-1 - (3 - 4))?
-2
Calculate -6 - (-8 + 14 + -6).
-6
What is -3 + -3 + (-1 - -14)?
7
Calculate 18 - (6 + 4) - (17 - 3).
-6
-2 + 0 + 2 + 4 - -2
6
Calculate (-7 + 1 - -2) + (10 - 13).
-7
What is the value of (-1 - (0 - 0)) + -2?
-3
Calculate (7 - 0) + 1 + -2 + -2.
4
-3 + -1 - (-2 + 1)
-3
Calculate -82 - -90 - (10 + -1) - 5.
-6
Calculate (-1 - (0 + -1)) + 1.
1
(0 + (0 - 9) - -1) + 3
-5
What is the value of -9 - (-5 + -1 - -2)?
-5
Evaluate 3 - (2 + -4 + -1 + 5).
1
Calculate 0 + -2 + (-5 - -3).
-4
Evaluate -10 - (1 - (9 + -2 - 1)).
-5
Calculate -10 + (4 - -3) + 5.
2
What is the value of -35 + 45 + -1 + -7?
2
What is the value of (2 - -2 - (5 + -3)) + 0?
2
Evaluate -1 - (-3 + 0) - 1.
1
Calculate 4 - -3 - (3 + 1) - -5.
8
Calculate 5 - (1 + (0 + 4 - -3)).
-3
5 + -7 + -5 + 7
0
What is the value of 4 + 1 + (-21 - -17)?
1
What is 3 + (-3 - (-2 - (2 - 3)))?
1
What is -9 - (-15 + 8 + -8)?
6
(3 + -1 - 3) + -1 + 0
-2
What is 1 - (-2 + 11 + -4)?
-4
Calculate 9 + (4 - 0 - 9).
4
Evaluate -6 - -1 - (-3 - 2).
0
(-1 - 0) + (3 - -1 - 1)
2
What is (1 - -1) + -34 + 27?
-5
Evaluate 0 + -4 + (0 - -3).
-1
Evaluate -4 + (1 + 3 - 1) + 3.
2
(2 - (14 + -12)) + (1 - -6)
7
1 - 0 - -1 - (21 - 20)
1
Evaluate 2 - 1 - (-1 - (-2 + 4)).
4
What is 1 + -5 + 3 + 5?
4
2 + -3 - 2 - (1 + 1)
-5
What is (-4 - -1) + (0 - -3 - 0)?
0
What is the value of -1 + (1 - 2 - (-1 - 2))?
1
Evaluate -3 + (0 - (-3 - (2 - 2))).
0
Evaluate -6 + (1 - -16) - 7.
4
-1 + 2 + 4 + 2 + -12
-5
What is 2 - (6 - (4 - 6))?
-6
What is -18 - -19 - ((5 - 0) + -2)?
-2
1 + (4 - (-5 - -10))
0
What is (-2 - (-1 + -5)) + -3?
1
What is the value of -6 - (4 + 1 + -8)?
-3
What is 4 - (4 - -1) - 4?
-5
What is the value of 4 + (-2 - 11) - -7?
-2
Evaluate (-4 - -2) + -1 - (-10 + 10).
-3
What is the value of 4 - (3 + 2 + 1)?
-2
Calculate 3 + (-6 - -2) + 5 - 4.
0
Calculate 8 + -5 + (3 - 2).
4
Evaluate (-1 - 4) + 3 - 6 - -3.
-5
What is (19 - 12) + 1 + -7?
1
Calculate 1 - (-2 + (7 - 8) + 7).
-3
What is the value of (-1 - -3) + -4 + 0?
-2
What is the value of -2 - (-5 + 5 + -1) - 5?
-6
(-12 - -21) + 5 + -2 + -4
8
What is (-4 + -1 - 2 - -5) + 7?
5
What is the value of 6 + -1 + 1 - (-630 + 629)?
7
What is the value of (-6 - -10 - 0) + -3 + -1?
0
Calculate -3 + (10 - 0 - 3) - 2.
2
-5 + (0 + -2 - -3 - 1)
-5
Calculate -26 - -24 - (0 + -2) - -4.
4
(-6 - -11) + -3 - (1 - 1)
2
What is 0 + 0 - (-1 + (0 - -1))?
0
(-8 - 0) + 6 + 7
5
Evaluate 1 + 3 + (-6 - 0 - -3).
1
Evaluate 1 + 0 + (19 - 12 - 10).
-2
Evaluate -5 - (-25 + 10 + 8).
2
What is the value of -1 + (-2 - -2) + (-19 - -21)?
1
2 - 3 - 4 - -4
-1
Calculate -4 + (3 - 6 - -2).
-5
Calculate -3 - (1 - (0 - 0)).
-4
Calculate 2 - 4 - (-2 - 1).
1
4 - 0 - 8 - -6
2
What is the value of (1 - 4) + (11 - 3) + -8?
-3
-7 + 5 + (-3 - -1)
-4
1 + -1 + 4 + -3
1
What is (0 - 2) + (1 - (-12 - -12))?
-1
13 + -21 + 10 + -8 + 1
-5
What is the value of 4 + 0 - (6 + -3 + 3)?
-2
What is -4 + 2 + (1 - 2) + -2?
-5
Calculate 3 + (1 - 11) + 1.
-6
-88 - -97 - (4 - -1)
4
What is -5 - -5 - -1 - 4?
-3
Evaluate (4 - 2) + (6 - 5) - 0.
3
What is (-3 - (2 + 3)) + 13?
5
8 + 3 - (60 - 43)
-6
What is the value of -2 - 4 - (-11 + -3 + 13)?
-5
What is (-6 - -2) + 6 + -7?
-5
What is the value of -3 + 4 - 9 - -1?
-7
Evaluate (-6 - (2 - 4)) + -1.
-5
Calculate 20 - (12 - 1) - 6.
3
What is the value of 1 + -2 + -3 + 10 + -8?
-2
What is the value of (11 - (1 - 0)) + (10 - 14)?
6
(36 - 41) + (3 - 2)
-4
6 - 7 - 0 - (1 + -1)
-1
What is the value of (-11 - 0) + 2 + (47 - 40)?
-2
Calculate 62 + -65 - (1 - -2).
-6
What is 5 - (1 + 4 - 3)?
3
Evaluate -32 + 11 - (-7 - 6).
-8
What is 2 - (6 - (4 - (4 + 1)))?
-5
Calculate (11 - -5) + -12 + (-2 - 1).
1
What is the value of (-23 - (-20 + 10)) + 18?
5
Evaluate 1 + -7 + 11 + -4.
1
Calculate -2 - (-6 + 2 - -2).
0
Calculate 1 + (-1 - 10) - -2.
-8
What is the value of (1 - -1) + (18 - 18)?
2
Calculate 2 + 3 + -5 + 5.
5
Calculate 7 - 4 - (-1 + 9).
-5
Evaluate 0 + 2 + -8 - (-5 + 0).
-1
-7 + 9 + -3 + 8 + -7
0
Calculate -6 + 6 - 3 - (-4 + -1).
2
What is 2 + 1 - 7 - -3?
-1
1 - (-7 + 2) - (19 - 3)
-10
Calculate -8 + (-4 + 1 - -7).
-4
Evaluate 45 + -33 - (1 - -15).
-4
(3 + 1 - (3 + -2)) + -12
-9
1 - 9 - (18 + -22)
-4
What is (10 - -1) + -9 - 2?
0
What is the value of 1 + 1 - (6 + 1)?
-5
What is the value of -17 + 22 + (-1 - -1)?
5
What is the value of (8 - 1) + (0 - 4)?
3
(2 - (-3 + 1)) + 0
4
What is 2 + 1 + 0 + (1 - 4)?
0
What is the value of -2 + 7 + (33 - 40)?
-2
Calculate -7 + (0 - (-3 - (-4 - -4))).
-4
What is the value of -1 - 1 - 4 - -10 - 9?
-5
-6 + 12 + -8 + 1
-1
-2 - -1 - 0 - (1 + -1)
-1
Calculate 1 - 1 - (-7 - (-7 - 1)).
-1
-1 + 4 - (24 + -21)
0
6 - 3 - 2 - 2
-1
(-4 - 2) + (5 - 0)
-1
What is -6 + (1 + 5 + -3 - 1)?
-4
What is the value of (1 - 8) + 1 - (1 - 4)?
-3
Calculate -6 + 2 + 6 - (0 + 6).
-4
Calculate 2 + (-4 + 1 - (21 + -23)).
1
What is (8 - 7) + -16 + 11?
-4
1 - -2 - (4 + (-3 - -4))
-2
What is -21 + 12 - (-10 + -4)?
5
What is the value of -7 + 1 - (2 - (-8 + 14))?
-2
(2 - 11 - -14) + -7
-2
What is (7 - (9 - 3)) + 3?
4
-18 + 34 + -1 + -6
9
What is the value of -4 + (5 - 1) + -1 + 0?
-1
Evaluate -3 + (0 - (1 + -3)).
-1
-8 - (-7 + 9 + -10)
0
What is -3 - (4 + 2 + -8)?
-1
Evaluate -4 - 0 - (-32 - -24).
4
-3 + (4 - 7) + 3
-3
5 - (-1 - (-11 - -1))
-4
What is 0 + 6 + -7 - 14 - -5?
-10
What is 1 - -3 - (-6 + 8) - -3?
5
What is the value of 5 - (1 + 2) - -2?
4
Calculate (-10 - -16) + -3 + 0.
3
Evaluate -7 - ((-11 - 0) + 1).
3
What is -5 + 3 - (4 + -2 + -5)?
1
26 + -26 - (0 + -4)
4
What is the value of -3 + (6 - (3 - 1 - 3))?
4
(-5 + -8 - 0) + 12
-1
5 - (-1 - -7) - (3 + -1)
-3
-8 + 10 + -1 - 0
1
-3 + (-3 - -8 - 4) + -5
-7
(4 + -3 - 6) + 2
-3
Calculate -2 + 0 + 8 + -7.
-1
Calculate 7 + (-2 - -2) + -10.
-3
10 - (24 + 0 + -6)
-8
Evaluate (-1 + 0 + -3 - -3) + 3.
2
Calculate -4 - (-4 - -2) - (7 + -2).
-7
(-1 - -1) + (-11 - -8)
-3
Calculate 2 - ((-9 - -18) + -3).
-4
Evaluate (9 - 9 - (6 + -4)) + 2.
0
Evaluate (-6 - (-4 + -2)) + -6.
-6
-2 + 1 + -1 + 0 - -5
3
Calculate (4 - (8 - 4)) + (0 - 0).
0
What is (-30 - -35) + (-3 - (-1 - 1))?
4
Evaluate 5 - 10 - (-2 - 5).
2
What is -2 + 16 + (4 - (14 - 2))?
6
What is -5 + 3 + -3 + (1 - 1)?
-5
What is -7 - (-1 + -8) - (3 + 1)?
-2
4 - (3 + -8 - -1)
8
11 + (-4 - (4 + -4 + -2))
9
What is the value of (5 - 3) + -5 + 2 + -2?
-3
Evaluate -2 - (-4 + 7 - 5 - -